67
In base 2, what is 0 + -100110011?
-100110011
In base 12, what is -2 + -1270?
-1272
In base 14, what is -3 + -98?
-9b
In base 13, what is -4 + 6bb?
6b7
In base 3, what is -22202002 + 11?
-22201221
In base 8, what is 15 - -21?
36
In base 5, what is -104320 - -1?
-104314
In base 11, what is 7 - -9?
15
In base 12, what is 1 - 403?
-402
In base 10, what is 5 + -46?
-41
In base 15, what is -2b63 - -1?
-2b62
In base 14, what is -1 + 590?
58d
In base 8, what is 4 + 740?
744
In base 6, what is -1441 + -145?
-2030
In base 2, what is -111111100001 - -1?
-111111100000
In base 10, what is 3 - -115?
118
In base 11, what is -13 + 42?
2a
In base 13, what is 96 - -4?
9a
In base 15, what is 6 - -c4?
ca
In base 16, what is -3d2 - 4?
-3d6
In base 3, what is 11 + -120?
-102
In base 6, what is -32451 - 5?
-32500
In base 6, what is 341 - -22?
403
In base 9, what is 3 - 1100?
-1086
In base 15, what is -18 - 0?
-18
In base 12, what is 0 + -302?
-302
In base 3, what is -22 - -202120?
202021
In base 11, what is 5 + -27?
-22
In base 2, what is 0 - 10110001000?
-10110001000
In base 10, what is -4 - 2593?
-2597
In base 6, what is 23 + -1043?
-1020
In base 9, what is -66 + -35?
-112
In base 13, what is 4 - -a9b?
aa2
In base 13, what is 3 + -461?
-45b
In base 5, what is -14 - -40?
21
In base 14, what is -cc - 4?
-d2
In base 8, what is -2 + -52?
-54
In base 12, what is -6 + 8?
2
In base 8, what is -7 - -5?
-2
In base 13, what is 5 + 282?
287
In base 8, what is 604 - 4?
600
In base 7, what is 2 - 105?
-103
In base 14, what is 44 - 8?
3a
In base 6, what is 25312 + -5?
25303
In base 8, what is 11 - -1044?
1055
In base 3, what is 10 + -10111220?
-10111210
In base 8, what is 3 - -236?
241
In base 9, what is -4 - -14?
10
In base 14, what is -2 + -b3?
-b5
In base 9, what is 1 + 33?
34
In base 11, what is 28a + -4a?
240
In base 13, what is 21 + 16?
37
In base 14, what is -10 - a68?
-a78
In base 9, what is 230 + 5?
235
In base 6, what is 1 - -20334?
20335
In base 4, what is 13 - 1032?
-1013
In base 11, what is 1 - 4739?
-4738
In base 2, what is -11 - 1011000100?
-1011000111
In base 6, what is -5 + 212?
203
In base 13, what is 0 - 56?
-56
In base 10, what is 2372 + 4?
2376
In base 10, what is 14 + 102?
116
In base 8, what is 57 - 3?
54
In base 9, what is 38 - 218?
-170
In base 8, what is 324 + -3?
321
In base 15, what is -3a7 - -4?
-3a3
In base 15, what is c + -9?
3
In base 15, what is 2 + 2a?
2c
In base 2, what is 110101 - 100?
110001
In base 6, what is 2 - -133?
135
In base 7, what is -444 - -16?
-425
In base 10, what is -883 - 9?
-892
In base 10, what is 5 + 2702?
2707
In base 11, what is 3992 - -1?
3993
In base 11, what is -14 - -73?
5a
In base 12, what is 7670 - 3?
7669
In base 14, what is -7 - -67?
60
In base 11, what is 41 + -3?
39
In base 8, what is -3 - -761?
756
In base 10, what is -239 - -5?
-234
In base 7, what is -30 + -632?
-662
In base 8, what is -2 - -70?
66
In base 9, what is 4 - 627?
-623
In base 9, what is 326 - 3?
323
In base 8, what is -65 - -5?
-60
In base 16, what is -1042 + -3?
-1045
In base 15, what is -c3a - 0?
-c3a
In base 6, what is -10035 + -2?
-10041
In base 14, what is 1 + 590?
591
In base 11, what is 1 - -2665?
2666
In base 11, what is 0 + -168?
-168
In base 7, what is 4 + 1612?
1616
In base 3, what is 210 - -12?
222
In base 13, what is -9 + -17?
-23
In base 7, what is -20264 + -4?
-20301
In base 9, what is -4 + -163?
-167
In base 14, what is 96 - 4?
92
In base 5, what is 132213 - 1?
132212
In base 2, what is 1 - 10001111?
-10001110
In base 10, what is 5964 - 2?
5962
In base 10, what is 2 - 4?
-2
In base 9, what is 11233 + 1?
11234
In base 8, what is 7 + 3344?
3353
In base 4, what is 300 - -3311?
10211
In base 15, what is 2178 - -3?
217b
In base 15, what is 2 - 2a?
-28
In base 6, what is 2 - 10?
-4
In base 6, what is 11 - 234?
-223
In base 13, what is -1702 - 1?
-1703
In base 9, what is 2 + 13475?
13477
In base 2, what is -101 + 10011011?
10010110
In base 9, what is -367 + -4?
-372
In base 7, what is 0 - -2155?
2155
In base 6, what is 4 - 1051?
-1043
In base 6, what is -3 + 0?
-3
In base 11, what is 28 - -1?
29
In base 10, what is -83 + -1?
-84
In base 12, what is -5 + 63?
5a
In base 14, what is 1 + -57?
-56
In base 6, what is -2 - 222?
-224
In base 3, what is 101 + 10220?
11021
In base 13, what is 2c6 + 0?
2c6
In base 11, what is 6 - 21?
-16
In base 13, what is -8270 - -3?
-826a
In base 6, what is 3 - -3104?
3111
In base 14, what is 49 + 4?
4d
In base 7, what is 1140 + -5?
1132
In base 6, what is -14130 + -1?
-14131
In base 5, what is -224 - -43?
-131
In base 15, what is -2a9 + -5?
-2ae
In base 4, what is -1120 + 30?
-1030
In base 14, what is 3c + 9?
47
In base 12, what is -5 + 5b?
56
In base 9, what is -582 + 25?
-556
In base 12, what is 2 + 271?
273
In base 13, what is -4 - 6b?
-72
In base 6, what is 20 + 0?
20
In base 12, what is -19 + -48?
-65
In base 12, what is -20 + 44?
24
In base 9, what is -14 - -14?
0
In base 14, what is c1 + -18?
a7
In base 16, what is 3 + -1c?
-19
In base 10, what is 5 - -73?
78
In base 7, what is 22244 + -1?
22243
In base 4, what is -2 + -212?
-220
In base 2, what is 1 - 1100?
-1011
In base 8, what is 0 + -121?
-121
In base 13, what is -1 + 2402?
2401
In base 7, what is 5 + -6450?
-6442
In base 3, what is -100012 + 220?
-22022
In base 3, what is -1210221 + -2?
-1211000
In base 10, what is 22 + -37?
-15
In base 6, what is 0 + 345?
345
In base 8, what is 420 + -13?
405
In base 3, what is -11 + 10021?
10010
In base 12, what is -1 + -110?
-111
In base 3, what is 11101000 + 0?
11101000
In base 4, what is 1220111 + 11?
1220122
In base 8, what is -256 - 0?
-256
In base 9, what is 278 - -6?
285
In base 3, what is 10202100 - 1?
10202022
In base 13, what is c - -298?
2a7
In base 15, what is -5 + -1cc?
-1d2
In base 3, what is 10 + 100222?
101002
In base 9, what is 25 - 77?
-52
In base 13, what is -8 - 262?
-26a
In base 7, what is 1031 + 3?
1034
In base 14, what is 0 - -2da?
2da
In base 8, what is -371 - -4?
-365
In base 13, what is 70 - -15?
85
In base 7, what is -22264 + -2?
-22266
In base 10, what is -95 - -40?
-55
In base 12, what is 21a - 30?
1aa
In base 4, what is -3123 - -11?
-3112
In base 9, what is 152 + -7?
144
In base 13, what is 375 - -1a?
392
In base 6, what is 31 - 10?
21
In base 15, what is -4 + -399?
-39d
In base 10, what is 96 + -72?
24
In base 15, what is 470 - 4?
46b
In base 5, what is -1 + 331?
330
In base 12, what is 0 + 30b?
30b
In base 4, what is -300 - 2?
-302
In base 15, what is -196 - 15?
-1ab
In base 10, what is -192 - -3?
-189
In base 15, what is 243c + 4?
2441
In base 15, what is 4 + 10e?
113
In base 7, what is 266 + 21?
320
In base 3, what is 2120 - 10?
2110
In base 10, what is 1 - -4?
5
In base 12, what is -263 - a?
-271
In base 11, what is 0 - 91?
-91
In base 4, what is -12 - 13?
-31
In base 8, what is 13273 - 0?
13273
In base 13, what is -54c - -2?
-54a
In base 4, what is -20011 + 2?
-20003
In base 14, what is -2659 - 1?
-265a
In base 9, what is 3 + 4812?
4815
In base 12, what is -1 + -2760?
-2761
In base 13, what is -5 - 154b?
-1553
In base 9, what is 55 + -11?
44
In base 11, what is -2 + -33?
-35
In base 16, what is 5 + 1d?
22
In base 12, what is -4 + 425?
421
In base 8, what is -46274 - 4?
-46300
In base 4, what is 111231 + -22?
111203
In base 6, what is 0 + 2414?
2414
In base 13, what is -5 + 16a5?
16a0
In base 8, what is -2 - 1577?
-1601
In base 15, what is -5 + d8?
d3
In base 5, what is -2 - -401?
344
In base 3, what is 2001 - 0?
2001
In base 15, what is -3 - -51?
4d
In base 15, what is -2 - -60c?
60a
In base 9, what is 310 - 2?
307
In base 8, what is 3712 - -2?
3714
In base 4, what is 0 + 200002?
200002
In base 11, what is -3 + -61?
-64
In base 6, what is -4 + 2414?
2410
In base 6, what is -5 - -134?
125
In base 14, what is 24c + -5?
247
In base 3, what is 22021 + 2?
22100
In base 5, what is 4 + -2233?
-2224
In base 12, what is -4b6b + 1?
-4b6a
In base 8, what is -13 + 14?
1
In base 4, what is -1120 + 2202?
1022
In base 9, what is -557 + -8?
-566
In base 9, what is -61 - -2?
-58
In base 14, what is 12 - 2?
10
In base 7, what is 12204 - 3?
12201
In base 3, what is 1 + -2020102?
-2020101
In base 12, what is -2 - 111?
-113
In base 8, what is -4 - -524?
520
In base 2, what is -1101 + -100?
-